{"id":1894,"date":"2022-11-08T19:47:17","date_gmt":"2022-11-08T19:47:17","guid":{"rendered":"https:\/\/pertquebec.ca\/?page_id=1894"},"modified":"2022-11-08T19:47:41","modified_gmt":"2022-11-08T19:47:41","slug":"conference-2022","status":"publish","type":"page","link":"https:\/\/pertquebec.ca\/fr\/conference-2022\/","title":{"rendered":"Conf\u00e9rence 2022"},"content":{"rendered":"<p><a href=\"https:\/\/mettrelelangageautravail.ca\/\"><img loading=\"lazy\" decoding=\"async\" class=\"alignnone wp-image-1897 size-full\" src=\"https:\/\/pertquebec.ca\/wp-content\/uploads\/2022\/11\/Mettre-le-langage-au-travail.png\" alt=\"\" width=\"3906\" height=\"2304\" srcset=\"https:\/\/pertquebec.ca\/wp-content\/uploads\/2022\/11\/Mettre-le-langage-au-travail.png 3906w, https:\/\/pertquebec.ca\/wp-content\/uploads\/2022\/11\/Mettre-le-langage-au-travail-300x177.png 300w, https:\/\/pertquebec.ca\/wp-content\/uploads\/2022\/11\/Mettre-le-langage-au-travail-1024x604.png 1024w, https:\/\/pertquebec.ca\/wp-content\/uploads\/2022\/11\/Mettre-le-langage-au-travail-768x453.png 768w, https:\/\/pertquebec.ca\/wp-content\/uploads\/2022\/11\/Mettre-le-langage-au-travail-1536x906.png 1536w, https:\/\/pertquebec.ca\/wp-content\/uploads\/2022\/11\/Mettre-le-langage-au-travail-2048x1208.png 2048w\" sizes=\"auto, (max-width: 3906px) 100vw, 3906px\" \/><\/a><\/p>\n<p><span style=\"font-weight: 400;\">Dans le contexte de postpand\u00e9mie, la r\u00e9ussite \u00e9conomique du Qu\u00e9bec repose en partie sur l\u2019inclusion des groupes sous-repr\u00e9sent\u00e9s au sein du march\u00e9 du travail. Malgr\u00e9 de hauts niveaux d\u2019exp\u00e9rience d\u2019emploi et de scolarit\u00e9 postsecondaire, les Qu\u00e9b\u00e9cois\u2219es d\u2019expression anglaise font face \u00e0 des taux de ch\u00f4mage plus \u00e9lev\u00e9s et des revenus plus faibles que leurs homologues francophones.<\/span><\/p>\n<p><span style=\"font-weight: 400;\">Comment lib\u00e9rer le plein potentiel \u00e9conomique des membres de la communaut\u00e9 d\u2019expression anglaise? Comment le Qu\u00e9bec peut-il profiter de leurs comp\u00e9tences et exp\u00e9riences, tout en prot\u00e9geant la langue fran\u00e7aise?<\/span><\/p>\n<p><span style=\"font-weight: 400;\">Pour en discuter, joignez-vous \u00e0 la troisi\u00e8me \u00e9dition du congr\u00e8s annuel de la Table ronde provinciale sur l\u2019emploi (PERT). Vous y retrouverez des leaders de plusieurs secteurs qui \u0153uvrent \u00e0 am\u00e9liorer l\u2019int\u00e9gration des Qu\u00e9b\u00e9cois\u2219es d\u2019expression anglaise au sein du march\u00e9 du travail. Sous le th\u00e8me <strong>\u00ab Le langage au service de l&#8217;emploi \u00bb<\/strong>, le congr\u00e8s r\u00e9fl\u00e9chira aux liens entre langue et travail : comment ces enjeux affectent-ils la communaut\u00e9 d\u2019expression anglaise au Qu\u00e9bec et quelles sont les solutions pour y rem\u00e9dier?<\/span><\/p>\n<p><span style=\"font-weight: 400;\">L\u2019\u00e9v\u00e9nement se tiendra en ligne le 16 et le 17\u00a0novembre 2022.<\/span><\/p>\n<p><a href=\"https:\/\/mettrelelangageautravail.ca\/\"><img loading=\"lazy\" decoding=\"async\" class=\"aligncenter wp-image-1895 size-medium\" src=\"https:\/\/pertquebec.ca\/wp-content\/uploads\/2022\/11\/READ-REPORT-2-300x97.png\" alt=\"\" width=\"300\" height=\"97\" srcset=\"https:\/\/pertquebec.ca\/wp-content\/uploads\/2022\/11\/READ-REPORT-2-300x97.png 300w, https:\/\/pertquebec.ca\/wp-content\/uploads\/2022\/11\/READ-REPORT-2-1024x331.png 1024w, https:\/\/pertquebec.ca\/wp-content\/uploads\/2022\/11\/READ-REPORT-2-768x248.png 768w, https:\/\/pertquebec.ca\/wp-content\/uploads\/2022\/11\/READ-REPORT-2-1536x497.png 1536w, https:\/\/pertquebec.ca\/wp-content\/uploads\/2022\/11\/READ-REPORT-2-2048x663.png 2048w\" sizes=\"auto, (max-width: 300px) 100vw, 300px\" \/><\/a><\/p>\n","protected":false},"excerpt":{"rendered":"<p>Dans le contexte de postpand\u00e9mie, la r\u00e9ussite \u00e9conomique du Qu\u00e9bec repose en partie sur l\u2019inclusion des groupes sous-repr\u00e9sent\u00e9s au sein du march\u00e9 du travail. Malgr\u00e9 de hauts niveaux d\u2019exp\u00e9rience d\u2019emploi et de scolarit\u00e9 postsecondaire, les Qu\u00e9b\u00e9cois\u2219es d\u2019expression anglaise font face \u00e0 des taux de ch\u00f4mage plus \u00e9lev\u00e9s et des revenus plus faibles que leurs homologues [&hellip;]<\/p>\n","protected":false},"author":4,"featured_media":0,"parent":0,"menu_order":0,"comment_status":"closed","ping_status":"closed","template":"","meta":{"_price":"","_stock":"","_tribe_ticket_header":"","_tribe_default_ticket_provider":"","_tribe_ticket_capacity":"0","_ticket_start_date":"","_ticket_end_date":"","_tribe_ticket_show_description":"","_tribe_ticket_show_not_going":false,"_tribe_ticket_use_global_stock":"","_tribe_ticket_global_stock_level":"","_global_stock_mode":"","_global_stock_cap":"","_tribe_rsvp_for_event":"","_tribe_ticket_going_count":"","_tribe_ticket_not_going_count":"","_tribe_tickets_list":"[]","_tribe_ticket_has_attendee_info_fields":false,"footnotes":"","_tec_slr_enabled":"","_tec_slr_layout":""},"class_list":["post-1894","page","type-page","status-publish","hentry"],"yoast_head":"<!-- This site is optimized with the Yoast SEO plugin v21.8 - https:\/\/yoast.com\/wordpress\/plugins\/seo\/ -->\n<title>PERT<\/title>\n<meta name=\"robots\" content=\"index, follow, max-snippet:-1, max-image-preview:large, max-video-preview:-1\" \/>\n<link rel=\"canonical\" href=\"https:\/\/pertquebec.ca\/fr\/conference-2022\/\" \/>\n<meta property=\"og:locale\" content=\"fr_FR\" \/>\n<meta property=\"og:type\" content=\"article\" \/>\n<meta property=\"og:title\" content=\"Conf\u00e9rence 2022 - PERT\" \/>\n<meta property=\"og:description\" content=\"Dans le contexte de postpand\u00e9mie, la r\u00e9ussite \u00e9conomique du Qu\u00e9bec repose en partie sur l\u2019inclusion des groupes sous-repr\u00e9sent\u00e9s au sein du march\u00e9 du travail. Malgr\u00e9 de hauts niveaux d\u2019exp\u00e9rience d\u2019emploi et de scolarit\u00e9 postsecondaire, les Qu\u00e9b\u00e9cois\u2219es d\u2019expression anglaise font face \u00e0 des taux de ch\u00f4mage plus \u00e9lev\u00e9s et des revenus plus faibles que leurs homologues [&hellip;]\" \/>\n<meta property=\"og:url\" content=\"https:\/\/pertquebec.ca\/fr\/conference-2022\/\" \/>\n<meta property=\"og:site_name\" content=\"PERT\" \/>\n<meta property=\"article:modified_time\" content=\"2022-11-08T19:47:41+00:00\" \/>\n<meta property=\"og:image\" content=\"https:\/\/pertquebec.ca\/wp-content\/uploads\/2022\/11\/Mettre-le-langage-au-travail.png\" \/>\n<meta name=\"twitter:card\" content=\"summary_large_image\" \/>\n<meta name=\"twitter:label1\" content=\"Dur\u00e9e de lecture estim\u00e9e\" \/>\n\t<meta name=\"twitter:data1\" content=\"1 minute\" \/>\n<script type=\"application\/ld+json\" class=\"yoast-schema-graph\">{\"@context\":\"https:\/\/schema.org\",\"@graph\":[{\"@type\":\"WebPage\",\"@id\":\"https:\/\/pertquebec.ca\/fr\/conference-2022\/\",\"url\":\"https:\/\/pertquebec.ca\/fr\/conference-2022\/\",\"name\":\"Conf\u00e9rence 2022 - PERT\",\"isPartOf\":{\"@id\":\"https:\/\/pertquebec.ca\/#website\"},\"datePublished\":\"2022-11-08T19:47:17+00:00\",\"dateModified\":\"2022-11-08T19:47:41+00:00\",\"breadcrumb\":{\"@id\":\"https:\/\/pertquebec.ca\/fr\/conference-2022\/#breadcrumb\"},\"inLanguage\":\"fr-FR\",\"potentialAction\":[{\"@type\":\"ReadAction\",\"target\":[\"https:\/\/pertquebec.ca\/fr\/conference-2022\/\"]}]},{\"@type\":\"BreadcrumbList\",\"@id\":\"https:\/\/pertquebec.ca\/fr\/conference-2022\/#breadcrumb\",\"itemListElement\":[{\"@type\":\"ListItem\",\"position\":1,\"name\":\"Home\",\"item\":\"https:\/\/pertquebec.ca\/fr\/\"},{\"@type\":\"ListItem\",\"position\":2,\"name\":\"Conf\u00e9rence 2022\"}]},{\"@type\":\"WebSite\",\"@id\":\"https:\/\/pertquebec.ca\/#website\",\"url\":\"https:\/\/pertquebec.ca\/\",\"name\":\"PERT\",\"description\":\"\",\"publisher\":{\"@id\":\"https:\/\/pertquebec.ca\/#organization\"},\"potentialAction\":[{\"@type\":\"SearchAction\",\"target\":{\"@type\":\"EntryPoint\",\"urlTemplate\":\"https:\/\/pertquebec.ca\/?s={search_term_string}\"},\"query-input\":\"required name=search_term_string\"}],\"inLanguage\":\"fr-FR\"},{\"@type\":\"Organization\",\"@id\":\"https:\/\/pertquebec.ca\/#organization\",\"name\":\"PERT\",\"url\":\"https:\/\/pertquebec.ca\/\",\"logo\":{\"@type\":\"ImageObject\",\"inLanguage\":\"fr-FR\",\"@id\":\"https:\/\/pertquebec.ca\/#\/schema\/logo\/image\/\",\"url\":\"https:\/\/pertquebec.ca\/wp-content\/uploads\/2020\/09\/cropped-Big-icon-logo-red-min.png\",\"contentUrl\":\"https:\/\/pertquebec.ca\/wp-content\/uploads\/2020\/09\/cropped-Big-icon-logo-red-min.png\",\"width\":512,\"height\":512,\"caption\":\"PERT\"},\"image\":{\"@id\":\"https:\/\/pertquebec.ca\/#\/schema\/logo\/image\/\"}}]}<\/script>\n<!-- \/ Yoast SEO plugin. -->","yoast_head_json":{"title":"PERT","robots":{"index":"index","follow":"follow","max-snippet":"max-snippet:-1","max-image-preview":"max-image-preview:large","max-video-preview":"max-video-preview:-1"},"canonical":"https:\/\/pertquebec.ca\/fr\/conference-2022\/","og_locale":"fr_FR","og_type":"article","og_title":"Conf\u00e9rence 2022 - PERT","og_description":"Dans le contexte de postpand\u00e9mie, la r\u00e9ussite \u00e9conomique du Qu\u00e9bec repose en partie sur l\u2019inclusion des groupes sous-repr\u00e9sent\u00e9s au sein du march\u00e9 du travail. Malgr\u00e9 de hauts niveaux d\u2019exp\u00e9rience d\u2019emploi et de scolarit\u00e9 postsecondaire, les Qu\u00e9b\u00e9cois\u2219es d\u2019expression anglaise font face \u00e0 des taux de ch\u00f4mage plus \u00e9lev\u00e9s et des revenus plus faibles que leurs homologues [&hellip;]","og_url":"https:\/\/pertquebec.ca\/fr\/conference-2022\/","og_site_name":"PERT","article_modified_time":"2022-11-08T19:47:41+00:00","og_image":[{"url":"https:\/\/pertquebec.ca\/wp-content\/uploads\/2022\/11\/Mettre-le-langage-au-travail.png"}],"twitter_card":"summary_large_image","twitter_misc":{"Dur\u00e9e de lecture estim\u00e9e":"1 minute"},"schema":{"@context":"https:\/\/schema.org","@graph":[{"@type":"WebPage","@id":"https:\/\/pertquebec.ca\/fr\/conference-2022\/","url":"https:\/\/pertquebec.ca\/fr\/conference-2022\/","name":"Conf\u00e9rence 2022 - PERT","isPartOf":{"@id":"https:\/\/pertquebec.ca\/#website"},"datePublished":"2022-11-08T19:47:17+00:00","dateModified":"2022-11-08T19:47:41+00:00","breadcrumb":{"@id":"https:\/\/pertquebec.ca\/fr\/conference-2022\/#breadcrumb"},"inLanguage":"fr-FR","potentialAction":[{"@type":"ReadAction","target":["https:\/\/pertquebec.ca\/fr\/conference-2022\/"]}]},{"@type":"BreadcrumbList","@id":"https:\/\/pertquebec.ca\/fr\/conference-2022\/#breadcrumb","itemListElement":[{"@type":"ListItem","position":1,"name":"Home","item":"https:\/\/pertquebec.ca\/fr\/"},{"@type":"ListItem","position":2,"name":"Conf\u00e9rence 2022"}]},{"@type":"WebSite","@id":"https:\/\/pertquebec.ca\/#website","url":"https:\/\/pertquebec.ca\/","name":"PERT","description":"","publisher":{"@id":"https:\/\/pertquebec.ca\/#organization"},"potentialAction":[{"@type":"SearchAction","target":{"@type":"EntryPoint","urlTemplate":"https:\/\/pertquebec.ca\/?s={search_term_string}"},"query-input":"required name=search_term_string"}],"inLanguage":"fr-FR"},{"@type":"Organization","@id":"https:\/\/pertquebec.ca\/#organization","name":"PERT","url":"https:\/\/pertquebec.ca\/","logo":{"@type":"ImageObject","inLanguage":"fr-FR","@id":"https:\/\/pertquebec.ca\/#\/schema\/logo\/image\/","url":"https:\/\/pertquebec.ca\/wp-content\/uploads\/2020\/09\/cropped-Big-icon-logo-red-min.png","contentUrl":"https:\/\/pertquebec.ca\/wp-content\/uploads\/2020\/09\/cropped-Big-icon-logo-red-min.png","width":512,"height":512,"caption":"PERT"},"image":{"@id":"https:\/\/pertquebec.ca\/#\/schema\/logo\/image\/"}}]}},"ticketed":false,"_links":{"self":[{"href":"https:\/\/pertquebec.ca\/fr\/wp-json\/wp\/v2\/pages\/1894","targetHints":{"allow":["GET"]}}],"collection":[{"href":"https:\/\/pertquebec.ca\/fr\/wp-json\/wp\/v2\/pages"}],"about":[{"href":"https:\/\/pertquebec.ca\/fr\/wp-json\/wp\/v2\/types\/page"}],"author":[{"embeddable":true,"href":"https:\/\/pertquebec.ca\/fr\/wp-json\/wp\/v2\/users\/4"}],"replies":[{"embeddable":true,"href":"https:\/\/pertquebec.ca\/fr\/wp-json\/wp\/v2\/comments?post=1894"}],"version-history":[{"count":0,"href":"https:\/\/pertquebec.ca\/fr\/wp-json\/wp\/v2\/pages\/1894\/revisions"}],"wp:attachment":[{"href":"https:\/\/pertquebec.ca\/fr\/wp-json\/wp\/v2\/media?parent=1894"}],"curies":[{"name":"wp","href":"https:\/\/api.w.org\/{rel}","templated":true}]}}

Conférence 2022

<p><a href="https://mettrelelangageautravail.ca/"><img loading="lazy" decoding="async" class="alignnone wp-image-1897 size-full" src="https://pertquebec.ca/wp-content/uploads/2022/11/Mettre-le-langage-au-travail.png" alt="" width="3906" height="2304" srcset="https://pertquebec.ca/wp-content/uploads/2022/11/Mettre-le-langage-au-travail.png 3906w, https://pertquebec.ca/wp-content/uploads/2022/11/Mettre-le-langage-au-travail-300x177.png 300w, https://pertquebec.ca/wp-content/uploads/2022/11/Mettre-le-langage-au-travail-1024x604.png 1024w, https://pertquebec.ca/wp-content/uploads/2022/11/Mettre-le-langage-au-travail-768x453.png 768w, https://pertquebec.ca/wp-content/uploads/2022/11/Mettre-le-langage-au-travail-1536x906.png 1536w, https://pertquebec.ca/wp-content/uploads/2022/11/Mettre-le-langage-au-travail-2048x1208.png 2048w" sizes="auto, (max-width: 3906px) 100vw, 3906px" /></a></p>
<p><span style="font-weight: 400;">Dans le contexte de postpandémie, la réussite économique du Québec repose en partie sur l’inclusion des groupes sous-représentés au sein du marché du travail. Malgré de hauts niveaux d’expérience d’emploi et de scolarité postsecondaire, les Québécois∙es d’expression anglaise font face à des taux de chômage plus élevés et des revenus plus faibles que leurs homologues francophones.</span></p>
<p><span style="font-weight: 400;">Comment libérer le plein potentiel économique des membres de la communauté d’expression anglaise? Comment le Québec peut-il profiter de leurs compétences et expériences, tout en protégeant la langue française?</span></p>
<p><span style="font-weight: 400;">Pour en discuter, joignez-vous à la troisième édition du congrès annuel de la Table ronde provinciale sur l’emploi (PERT). Vous y retrouverez des leaders de plusieurs secteurs qui œuvrent à améliorer l’intégration des Québécois∙es d’expression anglaise au sein du marché du travail. Sous le thème <strong>« Le langage au service de l&#8217;emploi »</strong>, le congrès réfléchira aux liens entre langue et travail : comment ces enjeux affectent-ils la communauté d’expression anglaise au Québec et quelles sont les solutions pour y remédier?</span></p>
<p><span style="font-weight: 400;">L’événement se tiendra en ligne le 16 et le 17 novembre 2022.</span></p>
<p><a href="https://mettrelelangageautravail.ca/"><img loading="lazy" decoding="async" class="aligncenter wp-image-1895 size-medium" src="https://pertquebec.ca/wp-content/uploads/2022/11/READ-REPORT-2-300x97.png" alt="" width="300" height="97" srcset="https://pertquebec.ca/wp-content/uploads/2022/11/READ-REPORT-2-300x97.png 300w, https://pertquebec.ca/wp-content/uploads/2022/11/READ-REPORT-2-1024x331.png 1024w, https://pertquebec.ca/wp-content/uploads/2022/11/READ-REPORT-2-768x248.png 768w, https://pertquebec.ca/wp-content/uploads/2022/11/READ-REPORT-2-1536x497.png 1536w, https://pertquebec.ca/wp-content/uploads/2022/11/READ-REPORT-2-2048x663.png 2048w" sizes="auto, (max-width: 300px) 100vw, 300px" /></a></p>

<p>Dans le contexte de postpandémie, la réussite économique du Québec repose en partie sur l’inclusion des groupes sous-représentés au sein du marché du travail. Malgré de hauts niveaux d’expérience d’emploi et de scolarité postsecondaire, les Québécois∙es d’expression anglaise font face à des taux de chômage plus élevés et des revenus plus faibles que leurs homologues [&hellip;]</p>

<!-- This site is optimized with the Yoast SEO plugin v21.8 - https://yoast.com/wordpress/plugins/seo/ -->
<title>PERT</title>
<meta name="robots" content="index, follow, max-snippet:-1, max-image-preview:large, max-video-preview:-1" />
<link rel="canonical" href="https://pertquebec.ca/fr/conference-2022/" />
<meta property="og:locale" content="fr_FR" />
<meta property="og:type" content="article" />
<meta property="og:title" content="Conférence 2022 - PERT" />
<meta property="og:description" content="Dans le contexte de postpandémie, la réussite économique du Québec repose en partie sur l’inclusion des groupes sous-représentés au sein du marché du travail. Malgré de hauts niveaux d’expérience d’emploi et de scolarité postsecondaire, les Québécois∙es d’expression anglaise font face à des taux de chômage plus élevés et des revenus plus faibles que leurs homologues [&hellip;]" />
<meta property="og:url" content="https://pertquebec.ca/fr/conference-2022/" />
<meta property="og:site_name" content="PERT" />
<meta property="article:modified_time" content="2022-11-08T19:47:41+00:00" />
<meta property="og:image" content="https://pertquebec.ca/wp-content/uploads/2022/11/Mettre-le-langage-au-travail.png" />
<meta name="twitter:card" content="summary_large_image" />
<meta name="twitter:label1" content="Durée de lecture estimée" />
	<meta name="twitter:data1" content="1 minute" />
<script type="application/ld+json" class="yoast-schema-graph">{"@context":"https://schema.org","@graph":[{"@type":"WebPage","@id":"https://pertquebec.ca/fr/conference-2022/","url":"https://pertquebec.ca/fr/conference-2022/","name":"Conférence 2022 - PERT","isPartOf":{"@id":"https://pertquebec.ca/#website"},"datePublished":"2022-11-08T19:47:17+00:00","dateModified":"2022-11-08T19:47:41+00:00","breadcrumb":{"@id":"https://pertquebec.ca/fr/conference-2022/#breadcrumb"},"inLanguage":"fr-FR","potentialAction":[{"@type":"ReadAction","target":["https://pertquebec.ca/fr/conference-2022/"]}]},{"@type":"BreadcrumbList","@id":"https://pertquebec.ca/fr/conference-2022/#breadcrumb","itemListElement":[{"@type":"ListItem","position":1,"name":"Home","item":"https://pertquebec.ca/fr/"},{"@type":"ListItem","position":2,"name":"Conférence 2022"}]},{"@type":"WebSite","@id":"https://pertquebec.ca/#website","url":"https://pertquebec.ca/","name":"PERT","description":"","publisher":{"@id":"https://pertquebec.ca/#organization"},"potentialAction":[{"@type":"SearchAction","target":{"@type":"EntryPoint","urlTemplate":"https://pertquebec.ca/?s={search_term_string}"},"query-input":"required name=search_term_string"}],"inLanguage":"fr-FR"},{"@type":"Organization","@id":"https://pertquebec.ca/#organization","name":"PERT","url":"https://pertquebec.ca/","logo":{"@type":"ImageObject","inLanguage":"fr-FR","@id":"https://pertquebec.ca/#/schema/logo/image/","url":"https://pertquebec.ca/wp-content/uploads/2020/09/cropped-Big-icon-logo-red-min.png","contentUrl":"https://pertquebec.ca/wp-content/uploads/2020/09/cropped-Big-icon-logo-red-min.png","width":512,"height":512,"caption":"PERT"},"image":{"@id":"https://pertquebec.ca/#/schema/logo/image/"}}]}</script>
<!-- / Yoast SEO plugin. -->

Conférence 2022 - PERT

Dans le contexte de postpandémie, la réussite économique du Québec repose en partie sur l’inclusion des groupes sous-représentés au sein du marché du travail. Malgré de hauts niveaux d’expérience d’emploi et de scolarité postsecondaire, les Québécois∙es d’expression anglaise font face à des taux de chômage plus élevés et des revenus plus faibles que leurs homologues [&hellip;]
