{"version":"1.0","provider_name":"PERT","provider_url":"https:\/\/pertquebec.ca\/fr\/","author_name":"Chad Walcott","author_url":"https:\/\/pertquebec.ca\/fr\/author\/chad_pertquebec\/","title":"Profil d\u2019emploi des Qu\u00e9b\u00e9cois d\u2019expression anglaise de Laval - (Recensement 2016) - PERT","type":"rich","width":600,"height":338,"html":"<blockquote class=\"wp-embedded-content\" data-secret=\"nltKwq67U6\"><a href=\"https:\/\/pertquebec.ca\/fr\/reports\/profil-demploi-des-quebecois-dexpression-anglaise-de-laval\/\">Profil d\u2019emploi des Qu\u00e9b\u00e9cois d\u2019expression anglaise de Laval &#8211; (Recensement 2016)<\/a><\/blockquote><iframe sandbox=\"allow-scripts\" security=\"restricted\" src=\"https:\/\/pertquebec.ca\/fr\/reports\/profil-demploi-des-quebecois-dexpression-anglaise-de-laval\/embed\/#?secret=nltKwq67U6\" width=\"600\" height=\"338\" title=\"\u00ab\u00a0Profil d\u2019emploi des Qu\u00e9b\u00e9cois d\u2019expression anglaise de Laval &#8211; (Recensement 2016)\u00a0\u00bb &#8212; PERT\" data-secret=\"nltKwq67U6\" frameborder=\"0\" marginwidth=\"0\" marginheight=\"0\" scrolling=\"no\" class=\"wp-embedded-content\"><\/iframe><script type=\"text\/javascript\">\n\/* <![CDATA[ *\/\n\/*! This file is auto-generated *\/\n!function(d,l){\"use strict\";l.querySelector&&d.addEventListener&&\"undefined\"!=typeof URL&&(d.wp=d.wp||{},d.wp.receiveEmbedMessage||(d.wp.receiveEmbedMessage=function(e){var t=e.data;if((t||t.secret||t.message||t.value)&&!\/[^a-zA-Z0-9]\/.test(t.secret)){for(var s,r,n,a=l.querySelectorAll('iframe[data-secret=\"'+t.secret+'\"]'),o=l.querySelectorAll('blockquote[data-secret=\"'+t.secret+'\"]'),c=new RegExp(\"^https?:$\",\"i\"),i=0;i<o.length;i++)o[i].style.display=\"none\";for(i=0;i<a.length;i++)s=a[i],e.source===s.contentWindow&&(s.removeAttribute(\"style\"),\"height\"===t.message?(1e3<(r=parseInt(t.value,10))?r=1e3:~~r<200&&(r=200),s.height=r):\"link\"===t.message&&(r=new URL(s.getAttribute(\"src\")),n=new URL(t.value),c.test(n.protocol))&&n.host===r.host&&l.activeElement===s&&(d.top.location.href=t.value))}},d.addEventListener(\"message\",d.wp.receiveEmbedMessage,!1),l.addEventListener(\"DOMContentLoaded\",function(){for(var e,t,s=l.querySelectorAll(\"iframe.wp-embedded-content\"),r=0;r<s.length;r++)(t=(e=s[r]).getAttribute(\"data-secret\"))||(t=Math.random().toString(36).substring(2,12),e.src+=\"#?secret=\"+t,e.setAttribute(\"data-secret\",t)),e.contentWindow.postMessage({message:\"ready\",secret:t},\"*\")},!1)))}(window,document);\n\/\/# sourceURL=https:\/\/pertquebec.ca\/wp-includes\/js\/wp-embed.min.js\n\/* ]]> *\/\n<\/script>\n","thumbnail_url":"https:\/\/pertquebec.ca\/wp-content\/uploads\/2022\/05\/Laval-Page-Dividers-1-e1654870131929.png","thumbnail_width":1545,"thumbnail_height":1335,"description":"Ce profil contribue \u00e0 la connaissance et \u00e0 la compr\u00e9hension des probl\u00e8mes d'emploi auxquels font face les communaut\u00e9s d'expression anglaise de Laval en recueillant les renseignements les plus complets sur la situation d\u00e9mographique et la situation de la main-d'\u0153uvre des Qu\u00e9b\u00e9cois d'expression anglaise de la r\u00e9gion."}

Profil d’emploi des Québécois d’expression anglaise de Laval - (Recensement 2016) - PERT

<blockquote class="wp-embedded-content" data-secret="nltKwq67U6"><a href="https://pertquebec.ca/fr/reports/profil-demploi-des-quebecois-dexpression-anglaise-de-laval/">Profil d’emploi des Québécois d’expression anglaise de Laval &#8211; (Recensement 2016)</a></blockquote><iframe sandbox="allow-scripts" security="restricted" src="https://pertquebec.ca/fr/reports/profil-demploi-des-quebecois-dexpression-anglaise-de-laval/embed/#?secret=nltKwq67U6" width="600" height="338" title="« Profil d’emploi des Québécois d’expression anglaise de Laval &#8211; (Recensement 2016) » &#8212; PERT" data-secret="nltKwq67U6" frameborder="0" marginwidth="0" marginheight="0" scrolling="no" class="wp-embedded-content"></iframe><script type="text/javascript">
/* <![CDATA[ */
/*! This file is auto-generated */
!function(d,l){"use strict";l.querySelector&&d.addEventListener&&"undefined"!=typeof URL&&(d.wp=d.wp||{},d.wp.receiveEmbedMessage||(d.wp.receiveEmbedMessage=function(e){var t=e.data;if((t||t.secret||t.message||t.value)&&!/[^a-zA-Z0-9]/.test(t.secret)){for(var s,r,n,a=l.querySelectorAll('iframe[data-secret="'+t.secret+'"]'),o=l.querySelectorAll('blockquote[data-secret="'+t.secret+'"]'),c=new RegExp("^https?:$","i"),i=0;i<o.length;i++)o[i].style.display="none";for(i=0;i<a.length;i++)s=a[i],e.source===s.contentWindow&&(s.removeAttribute("style"),"height"===t.message?(1e3<(r=parseInt(t.value,10))?r=1e3:~~r<200&&(r=200),s.height=r):"link"===t.message&&(r=new URL(s.getAttribute("src")),n=new URL(t.value),c.test(n.protocol))&&n.host===r.host&&l.activeElement===s&&(d.top.location.href=t.value))}},d.addEventListener("message",d.wp.receiveEmbedMessage,!1),l.addEventListener("DOMContentLoaded",function(){for(var e,t,s=l.querySelectorAll("iframe.wp-embedded-content"),r=0;r<s.length;r++)(t=(e=s[r]).getAttribute("data-secret"))||(t=Math.random().toString(36).substring(2,12),e.src+="#?secret="+t,e.setAttribute("data-secret",t)),e.contentWindow.postMessage({message:"ready",secret:t},"*")},!1)))}(window,document);
//# sourceURL=https://pertquebec.ca/wp-includes/js/wp-embed.min.js
/* ]]> */
</script>

Ce profil contribue à la connaissance et à la compréhension des problèmes d'emploi auxquels font face les communautés d'expression anglaise de Laval en recueillant les renseignements les plus complets sur la situation démographique et la situation de la main-d'œuvre des Québécois d'expression anglaise de la région.
